{"id":124,"date":"2022-03-14T11:34:52","date_gmt":"2022-03-14T14:34:52","guid":{"rendered":"http:\/\/natyalves.uy\/?page_id=124"},"modified":"2022-03-14T11:36:02","modified_gmt":"2022-03-14T14:36:02","slug":"terapia-online","status":"publish","type":"page","link":"https:\/\/natyalves.uy\/?page_id=124","title":{"rendered":"Terapia Online"},"content":{"rendered":"\n<div class=\"wp-block-group has-background\" style=\"background-color:#9dc9c3\"><div class=\"wp-block-group__inner-container is-layout-flow wp-block-group-is-layout-flow\">\n<p class=\"has-black-color has-text-color\">La terapia online, como el home office, lleg\u00f3 para quedarse. En el 2020 estallaron las reuniones virtuales y todo el mundo estaba all\u00ed conectado.<\/p>\n\n\n\n<p class=\"has-black-color has-text-color\">En psicolog\u00eda, hemos usado esta herramienta desde que existe Sype, para brindar atenci\u00f3n a personas que se encontraban en el exterior o en el interior del pa\u00eds.&nbsp;<\/p>\n\n\n\n<p class=\"has-black-color has-text-color\">&nbsp;El encuentro online tambi\u00e9n nos da la posibilidad de sanar, desde un v\u00ednculo de confianza, seguro y activo. Como personas que somos tenemos la posibilidad de conectarnos a trav\u00e9s de la pantalla, e igualmente sentirnos acompa\u00f1ados y sostenidos.&nbsp;<\/p>\n\n\n\n<p class=\"has-black-color has-text-color\">Pod\u00e9s pensar: \u201csiento que la contenci\u00f3n no es la misma\u201d y es&nbsp; v\u00e1lido que pienses as\u00ed. Por eso, me gustar\u00eda contarte c\u00f3mo es el paso a paso para iniciar esta modalidad de terapia.<\/p>\n\n\n\n<p class=\"has-black-color has-text-color\">Primer paso:&nbsp;<\/p>\n\n\n\n<p class=\"has-black-color has-text-color\">Haremos una videollamada previa sin costo donde evaluaremos si el motivo de consulta que traes, puede atenderse en este formato (porque es muy \u00fatil la terapia online pero hay situaciones concretas que requieren de lo presencial para acompa\u00f1ar sin da\u00f1ar)<\/p>\n\n\n\n<p class=\"has-black-color has-text-color\">Segundo paso:&nbsp;<\/p>\n\n\n\n<p class=\"has-black-color has-text-color\">La primera sesi\u00f3n, ser\u00e1 de aprendizaje de formas de contenci\u00f3n que vos mism@ podes implementar (con mi gu\u00eda) para sentirte acompa\u00f1ad@ durante la sesi\u00f3n.<\/p>\n\n\n\n<p class=\"has-black-color has-text-color\">Tercer paso:&nbsp;<\/p>\n\n\n\n<p class=\"has-black-color has-text-color\">Acordaremos un objetivo y un plan de trabajo concretos, para tener claridad en el camino que recorreremos en conjunto.<\/p>\n\n\n\n<p class=\"has-black-color has-text-color\">Luego de estos pasos, y si decides seguir el camino, daremos comienzo a las sesiones de terapia online.<\/p>\n\n\n\n<p class=\"has-black-color has-text-color\">Puedes ponerte en contacto, a trav\u00e9s de esta p\u00e1gina, o a mi email: lic.nataliaalves@gmail.com<\/p>\n<\/div><\/div>\n","protected":false},"excerpt":{"rendered":"<p>La terapia online, como el home office, lleg\u00f3 para quedarse. En el 2020 estallaron las reuniones virtuales y todo el mundo estaba all\u00ed conectado. En psicolog\u00eda, hemos usado esta herramienta desde que existe Sype, para brindar atenci\u00f3n a personas que se encontraban en el exterior o en el interior del pa\u00eds.&nbsp; &nbsp;El encuentro online tambi\u00e9n&hellip; <br \/> <a class=\"read-more\" href=\"https:\/\/natyalves.uy\/?page_id=124\">Read more<\/a><\/p>\n","protected":false},"author":2,"featured_media":70,"parent":0,"menu_order":0,"comment_status":"closed","ping_status":"closed","template":"","meta":{"footnotes":""},"class_list":["post-124","page","type-page","status-publish","has-post-thumbnail","hentry"],"_links":{"self":[{"href":"https:\/\/natyalves.uy\/index.php?rest_route=\/wp\/v2\/pages\/124","targetHints":{"allow":["GET"]}}],"collection":[{"href":"https:\/\/natyalves.uy\/index.php?rest_route=\/wp\/v2\/pages"}],"about":[{"href":"https:\/\/natyalves.uy\/index.php?rest_route=\/wp\/v2\/types\/page"}],"author":[{"embeddable":true,"href":"https:\/\/natyalves.uy\/index.php?rest_route=\/wp\/v2\/users\/2"}],"replies":[{"embeddable":true,"href":"https:\/\/natyalves.uy\/index.php?rest_route=%2Fwp%2Fv2%2Fcomments&post=124"}],"version-history":[{"count":2,"href":"https:\/\/natyalves.uy\/index.php?rest_route=\/wp\/v2\/pages\/124\/revisions"}],"predecessor-version":[{"id":127,"href":"https:\/\/natyalves.uy\/index.php?rest_route=\/wp\/v2\/pages\/124\/revisions\/127"}],"wp:featuredmedia":[{"embeddable":true,"href":"https:\/\/natyalves.uy\/index.php?rest_route=\/wp\/v2\/media\/70"}],"wp:attachment":[{"href":"https:\/\/natyalves.uy\/index.php?rest_route=%2Fwp%2Fv2%2Fmedia&parent=124"}],"curies":[{"name":"wp","href":"https:\/\/api.w.org\/{rel}","templated":true}]}}